he prime factors of ((-8)/(-16))/(1/118).
59
Let z = -1196 - -2641. List the prime factors of z.
5, 17
What are the prime factors of 3/5 - 14/((-350)/35985)?
2, 3, 5
Let f be (0 + -2)/((-2)/2). Let v be f*15/6*1. Suppose -3*y + 16 = v*l - 43, 3*y + 2*l = 56. What are the prime factors of y?
2, 3
Let h = 204 - -491. List the prime factors of h.
5, 139
Let z = 12 + -16. What are the prime factors of (2*-29 - 1)/(z/8)?
2, 59
Let k = 1 - 1. Suppose k = b + 2, f - 8 = -2*f - 2*b. Suppose 7 = t + f*p - 3, 2*t - 3*p = 9. List the prime factors of t.
2, 3
Let c(t) = t + 4. Let k be c(0). Let u(w) = -w**2 + 4*w. Let i be u(k). Suppose h - 9 - 8 = i. List the prime factors of h.
17
Suppose 0 = -6*u + 721 + 1415. List the prime factors of u.
2, 89
Let y be (-1 + 1 - 1)*(-14 - -13). What are the prime factors of y*((-4)/6 - 622/(-6))?
103
Suppose -3*x + 10*x - 70 = 0. Let j(k) = -k**3 + 11*k**2 - 10*k + 7. Let w be j(x). Suppose -w*p + 35 = -168. List the prime factors of p.
29
Suppose 0 = 2*i - 2*k - 124, k = -i - i + 139. Suppose 5*c - i = 3*p, 0 = 3*c - 9 - 6. List the prime factors of 4 + -5 - (0 + p).
13
Suppose -a - 5*v = -59, 0 = -4*a - 2*v + 84 + 134. Let s = 27 + a. What are the prime factors of s?
3
Let z = -2622 - -5046. What are the prime factors of z?
2, 3, 101
Let p(d) = 9*d**3 - 7*d**2 - 8. Let h(w) = w**3 - w**2 - 1. Let m(a) = 6*h(a) - p(a). Let j be m(4). What are the prime factors of 6/(-21) + j/(-21)?
2
Suppose -5*j - 5 = 0, -2*g = 5*j - 7 - 0. Let f(l) = 2*l**2 + 12*l + 14. Let n be f(-6). List the prime factors of 3 + n - g/2.
2, 7
Let w = -127 - -183. What are the prime factors of w?
2, 7
Suppose q - 8 = -q. What are the prime factors of q/(568/140 - 4)?
2, 5, 7
Let c(m) = m**2 - m - 6. Suppose 0 = l + h - 1, -3*l + 2*h = 2. Suppose 0 = -l*k - 2*k + 12. What are the prime factors of c(k)?
2, 3
Let m(z) be the first derivative of -z**3/3 - 5*z**2 + 2*z + 5. Let v(d) = 2*d**2 - 10*d - 6. Let p be v(5). What are the prime factors of m(p)?
2, 13
Let h = -79 + 86. Let i(w) = -w**3 + 8*w**2 + 3*w + 1. List the prime factors of i(h).
71
Let i be (34/(-3))/(40/60). Let w be (-10)/15 + (-89)/(-3). Let x = i + w. List the prime factors of x.
2, 3
Let n = 77 + -47. What are the prime factors of (1 + (-76)/20)/((-2)/n)?
2, 3, 7
Let d be 21*6/9 - 0. Let q(w) = w**3 - 13*w**2 - 11*w + 3. List the prime factors of q(d).
3, 5
Let o(v) = -11*v - 7*v + 2 - 2*v. What are the prime factors of o(-1)?
2, 11
Let o(v) = -41*v**3 + 7*v**2 - 6*v - 20. What are the prime factors of o(-3)?
2, 73
Let j be (-4)/(-1)*((-562)/8 - -3). Let s = 438 + j. What are the prime factors of s?
13
List the prime factors of 3/(-2)*13/((-65)/6270).
3, 11, 19
Let f(b) = -638*b**3 - 2*b**2 - 5*b - 4. List the prime factors of f(-1).
7, 13
Suppose 2*j = -j - z - 104, -3*j = -2*z + 116. Suppose -o + 4*h = -2*o - 80, -5*h - 85 = o. Let b = j - o. List the prime factors of b.
2, 3
Suppose -25*u = u - 4602. List the prime factors of u.
3, 59
Suppose k - 7 = 2*k + 2*d, 3*k = 2*d + 11. Let u(o) be the second derivative of 11*o**3/3 + o**2 - 45*o. List the prime factors of u(k).
2, 3
Let d = -471 - -1426. Suppose 0 = -8*b - 75 + d. List the prime factors of b.
2, 5, 11
Let n = -15 - -20. Suppose 0*u - u + 10 = n*s, 7 = -s - 2*u. Let q(m) = -m**2 + 3*m + 2. List the prime factors of q(s).
2
Suppose -3*u + a = -705, 25*a = 30*a - 15. List the prime factors of u.
2, 59
Suppose -3*q - 10 = -q. Let r = q + 57. What are the prime factors of r?
2, 13
List the prime factors of 1/(-2)*(-4032 + (-154)/(-11)).
7, 41
Suppose -17*g + 19*g - 752 = 0. What are the prime factors of g?
2, 47
Suppose -p = -5*q + 20, -4*p - 10 = -3*q + 19. Suppose -120 = q*y - 444. List the prime factors of y.
2, 3
Suppose 8*b - 138 = 5*b. List the prime factors of ((-69)/b)/(3/(-124)).
2, 31
Let y(c) = -63*c + 20. Let w(n) = -62*n + 22. Let m(l) = 2*w(l) - 3*y(l). What are the prime factors of m(3)?
179
Let a(n) = 3*n**3 + 21*n**2 - 25*n + 138. What are the prime factors of a(11)?
6397
Let o(j) = 205*j - 3 - 199*j + 6*j**2 + 6. What are the prime factors of o(-2)?
3, 5
Let u(q) be the first derivative of 23*q**3 + q - 9. What are the prime factors of u(-1)?
2, 5, 7
Let l be (-1 - -2)/(16/176). Suppose 5*u + 13 = 43. Let v = l - u. List the prime factors of v.
5
Suppose -p = 4*k - 5000, 4*p - 356 - 3381 = -3*k. What are the prime factors of k?
3, 139
Let w(s) = s**3 + 13*s**2 - 19*s - 23. List the prime factors of w(12).
17, 197
Suppose -2*y = -o - 170, 12*y - 4*o - 71 = 11*y. List the prime factors of y.
3, 29
Let k be (16/(-40))/((-1)/15). Suppose 0 = 8*c - k*c - 52. What are the prime factors of c?
2, 13
Suppose 4*o + 4*z = 2108, -8*o - 4*z - 1066 = -10*o. What are the prime factors of o?
23
Suppose 39*j - 8892 = 13*j. What are the prime factors of j?
2, 3, 19
Let c(a) = a**2 + 2*a + 8. Let s be c(0). Let g(b) = b**2 - 8*b - 6. Let o be g(s). Let d = o + 48. List the prime factors of d.
2, 3, 7
Let b(o) = -o**2 + 4*o - 1. Suppose -3*i + 3 = -2*i. Let x be b(i). Let k = 29 - x. List the prime factors of k.
3
Suppose 5*r + 10 = 0, -6*n + 8*n + r = 2894. What are the prime factors of n?
2, 181
What are the prime factors of ((-21768)/(-20))/((54/15)/9)?
3, 907
Suppose 0*n - 5*n - 839 = -3*o, 2*n = 4*o - 1128. Suppose 6*y - 8 = 2*y, 3*l - o = -5*y. What are the prime factors of l?
7, 13
List the prime factors of (1/2)/((-2 + 6)/4952).
619
Let p = 1123 - 627. List the prime factors of p.
2, 31
Let g = -2 - -7. Suppose -3*q = -g*q - 4. List the prime factors of (-1 - (q + 2)) + 5.
2
Let c = 11 + 349. Let r = c + -194. List the prime factors of r.
2, 83
Let h = -181 + 114. Suppose -y + 0*y + 3*v - 45 = 0, 3*v = -5*y - 225. Let a = y - h. List the prime factors of a.
2, 11
List the prime factors of ((-8622)/(-12))/(((-5)/2)/(-5)).
3, 479
Let g be ((-20)/5)/1*6/(-8). Suppose 0 = -4*z + m + 106, 0 = -5*z - 0*z + g*m + 136. List the prime factors of z.
2, 13
Suppose -620 = -2*k + 356. List the prime factors of k.
2, 61
Let a be 3 + (-2 - 0/1). Let x(g) = 3*g**2 + a - 56*g + 0 + 59*g. What are the prime factors of x(-2)?
7
What are the prime factors of (-12)/15*(-875)/10?
2, 5, 7
Suppose -4*k + 3*u = -2393, 12*u - 1799 = -3*k + 10*u. List the prime factors of k.
599
Suppose 0*w - w + 5 = 0. What are the prime factors of (-8)/w*(-5)/2?
2
Let t(y) = 12*y**2 + y - 1. Let o be t(1). Suppose i + 2*i = o. Suppose -4*m + 143 = j, -i*j - 46 = -4*m + 102. List the prime factors of m.
2, 3
Suppose 5*y + c = 4*c + 931, -2*c = -3*y + 559. List the prime factors of y + -14 + (-2)/(-2).
2, 43
Let v(j) = j**3 + 8*j**2 + 14*j + 14. Suppose 0 = 3*p - 4 + 22. List the prime factors of v(p).
2
Suppose 4*d + 3*d = -49. Let v(z) = -z**2 - 9*z + 6. List the prime factors of v(d).
2, 5
Let c be (-2)/(-1) - (-7536)/24. Let r = -182 + c. What are the prime factors of r?
2, 67
Let z(i) = 399*i + 6. Let q be z(4). What are the prime factors of q/24 + -8 - 2/(-8)?
59
Suppose 15 = 2*j + o - 5, 5*j - 36 = o. Let w = 8 - j. Suppose w = -0*t - t + 6. What are the prime factors of t?
2, 3
Suppose 6*m + 758 - 5270 = 0. List the prime factors of m.
2, 47
Let d(k) = -2*k**3 - 4*k**2 - k + 2. Suppose -3*w + 13 + 11 = -4*v, 3*w - 3 = -3*v. Let z(f) = f**2 - 6*f + 5. Let m be z(w). List the prime factors of d(m).
23
Let l = 1413 + 164. What are the prime factors of l?
19, 83
Let i = -21 - 22. Let y = i + 18. Let k = y - -48. What are the prime factors of k?
23
Let l(g) = g**3 + 6*g**2 - 5*g + 524. List the prime factors of l(0).
2, 131
Let i(h) = -h**3 + 2*h + 3. Let s be i(0). Suppose 0*a + a - s*u = 56, 264 = 5*a + u. What are the prime factors of a?
53
Let r(u) = -5*u**2 + 292*u - 90. What are the prime factors of r(46)?
2, 1381
Suppose 3*l + 2*w - 599 = 6*w, 3*w = -15. List the prime factors of l.
193
Suppose 0 = q - 3*g + 1 - 10, 5*q + g - 13 = 0. Suppose -q*o + 103 = -83. List the prime factors of o.
2, 31
Suppose 4*b + a - 154 = -a, -b - 2*a = -40. List the prime factors of b.
2, 19
Let u(x) be the first derivative of x**3/3 + 7*x**2/2 - 3*x + 12. Let z be u(-7). What are the prime factors of z/((2 - 0) + -3)?
3
Let r(g) = -g**2 + 3*g - 3. Let n be r(4). Let q be (4/n)/(12/(-42)). Suppose -5*x + o + 138 = 0, -q*o - 46 = -5*x + 90. What are the prime factors 